. Suppose -3*t + 175 = j*m, -3*t - m - 3*m + 179 = 0. What is the units digit of t?
7
Let v be 1*(4 - 36/2). Let n be 6/(-27)*(5 + v). Suppose 108 + 117 = 3*l + y, -n*l - 5*y + 163 = 0. What is the units digit of l?
4
Let x = 3769 - 2456. Suppose -4*u - 5*p + x = 0, 5*u = 2*u + 2*p + 1002. What is the tens digit of u?
3
Let l be 33/15 - (-2 - 22/(-10)). Suppose -s - 15 = -l*s - 3*v, -s + 5*v = 1. Suppose -11*z = -s*z - 554. What is the tens digit of z?
7
Let n = 13 + -5. Suppose 3*k - 4*y - 329 = -11, 4*k - 2*y = 414. Suppose -n*x = -5*x - k. What is the units digit of x?
4
Suppose 1 = -r, 2*o + 2*r + 14720 = 4*o. What is the hundreds digit of o?
3
Let o = 26082 + -13106. What is the units digit of o?
6
Suppose 15836 = 4*f - 4*b - 55372, 3*f - 5*b - 53406 = 0. What is the thousands digit of f?
7
Suppose -2*w + 5770 = 4*m, 0 = m + m - 3*w - 2865. Suppose -6*r + m = 3*r. What is the tens digit of r?
6
Let g(r) = 13*r**2 - 32*r + 3. Let a be g(6). Suppose -a = -4*m + 49. What is the tens digit of m?
8
Let p(r) = -4*r - 6. Let x(g) = -g**3 + 22*g**2 - 21*g - 6. Let w be x(21). Let d be p(w). Suppose -d*t + 21*t = 90. What is the tens digit of t?
3
Let q = 11678 + -3260. What is the hundreds digit of q?
4
Suppose 0 = -40*b + 41*b + v - 26283, -3*b - 4*v = -78850. What is the ten thousands digit of b?
2
Let a = -3319 - -4626. What is the thousands digit of a?
1
Let g = 257 + -193. Suppose -g*k - 2228 = -68*k. What is the tens digit of k?
5
Let f = 154 + -149. Suppose -m = -f*l + 2470, l + l = 5*m + 965. What is the hundreds digit of l?
4
Let p(z) = -4*z**3 - 85*z**2 + 5*z + 26. What is the thousands digit of p(-28)?
1
What is the ten thousands digit of (-2*5 + 1212240/20)/2?
3
Let p(y) = 117*y**3 - 3*y**2 - 33*y + 89. What is the ten thousands digit of p(5)?
1
Suppose -7*p + 38 = -46. Suppose -n - 6 = -5*h, p = -5*h + 3*h + 4*n. Suppose 0 = 4*x + h*v - 858, 0*x - v + 1080 = 5*x. What is the tens digit of x?
1
Let d = -5584 - -8098. Suppose 0*b - d = -6*b. What is the hundreds digit of b?
4
Let g(i) = 9*i**2 - 4*i - 4. Let w be g(6). Let k be 13210/(-80) + 1/8. Let f = w + k. What is the units digit of f?
1
Let c = -4 - 2. Let n(j) = 2*j**2 - 11*j - 20. Let h be n(c). Suppose 6*s - h - 38 = 0. What is the tens digit of s?
2
Suppose 5*j + 9*r = 7*r - 930, -2*j + 2*r = 372. What is the hundreds digit of j/(-124) + 5666/4?
4
Let n(m) = -2*m + 33. Let j be n(15). Suppose -s = -g - 267, 4*s - j*g + 0*g = 1069. Suppose 0 = 4*h - 232 - s. What is the units digit of h?
5
Let l(s) = -s**3 + 61*s**2 + 6*s - 158. What is the units digit of l(61)?
8
Suppose 0 = 78*g - 80*g + 122. Let k = g - 62. What is the units digit of 125 - (5 + k + -2)?
3
Suppose -3*n - 5 = 5*a, -3*n - 2*a - 2 = -0*n. Suppose n = 2*x - 167 - 137. Suppose 0 = 3*y - k - 0*k - 114, 4*y - 2*k - x = 0. What is the tens digit of y?
3
Let g = 250 - 244. Suppose 5*l - 16 = -2*m, -2*l - g*m + 13 = -3*m. What is the units digit of l?
2
Let v(p) = 136*p + 31. Suppose 0 = j - 2*j + 3. What is the units digit of v(j)?
9
Let u(d) be the second derivative of -d**3/3 + 9*d**2 + 24*d - 2. Let j = 16 - 22. What is the units digit of u(j)?
0
Let g = 485 - 481. Suppose 5*f = -2*w + 4554, -5*f + f + g*w = -3660. What is the tens digit of f?
1
Suppose 0*s + s = -4*i + 1616, -4*i = -2*s - 1628. Let w = 662 - i. What is the units digit of w?
7
Suppose -236*s = -235*s - 15233 - 11114. What is the tens digit of s?
4
Let y(p) = 6*p**3 + 5*p**2 + 2*p + 9. Suppose 0 = -6*z + 2*z - 4*i + 4, 0 = 3*i - 15. Let x be y(z). Let f = -39 - x. What is the hundreds digit of f?
2
Let r(c) = 6*c**2 + 20*c + 134. Let s be r(-13). Suppose -2*d + 1207 - 339 = -4*m, -2*d - m = -s. What is the hundreds digit of d?
4
Let d(b) = -1. Let o(t) = 13*t + 42. Let g(v) = -d(v) + o(v). Let x be g(-8). What is the units digit of (-1)/2*0 - x/1?
1
Let x be 1/6*30 - -50. Suppose -4*r + 2*n - 194 = 0, r + 144 = -2*r + 3*n. Let w = x + r. What is the units digit of w?
6
Let o(v) = 5*v + 114. Let j be o(-22). Suppose -p + 1172 = 4*g, 1347 - 3655 = -2*p + j*g. What is the tens digit of p?
6
Suppose -3*p - 32 = -7*p. Suppose 10 = p*j - 22. Suppose -4*t + 472 = 5*h, h = j*h + 5*t - 278. What is the units digit of h?
6
Let o(a) = 2*a**2 + 21*a + 25. Let s be o(-21). Suppose 2*z + z - 2*v - 696 = 0, 0 = 2*z - 2*v - s. Let d = -133 + z. What is the tens digit of d?
9
Suppose -63*p - 21*p = -3*p - 552420. What is the units digit of p?
0
Let x be 6/(-3) + 2742/3. Suppose -6*h + x = 4*d - 5*h, -3*h = -5*d + 1123. Let n = -136 + d. What is the units digit of n?
1
What is the units digit of (-1 - 6799)*5/(-22 - -17)?
0
Let j = 42 + -37. Suppose 2*x = 2*d + 30, -5*x + 53 = -j*d + 2*d. Let h = d - -29. What is the units digit of h?
8
Let m be (-112)/24*1*642/(-4). Suppose -6*h - m = -h - 3*d, 5*h + 3*d = -761. Let t = h - -234. What is the tens digit of t?
8
Let r = 115 + -103. Suppose -20*g = -r*g - 152. What is the units digit of g?
9
Suppose 6 = -3*f, i + 5*f = -0*i - 8. Suppose 0 = -z + 2*y + i*y + 447, -5*z - y = -2172. Suppose -6*m + z = -3*m. What is the units digit of m?
5
Let g(q) = -q**3 + 2*q**2 + 4*q - 7. Let m be g(-4). Let f = m + -84. Let c(h) = h**2 - 2*h - 5. What is the tens digit of c(f)?
3
Let g = -124 - -127. What is the units digit of (80/g)/((-100)/(-1500))?
0
Suppose -6*r - 6 = 54. Let c be (2/(-7) - r/(-14))*-83. Suppose -j - 2*h + 0*h = -c, 0 = -5*h - 10. What is the tens digit of j?
8
Suppose 164*q - 10138400 = -204*q. What is the thousands digit of q?
7
Suppose 2*o = 4*o - 29128 - 1044. What is the ten thousands digit of o?
1
Let q be 2/6*(-4 - (1 - 5)). Suppose 37*f + 3620 - 24377 = q. What is the units digit of f?
1
Suppose 533*m - 531*m = 2*a - 13822, -a - 3*m = -6935. What is the tens digit of a?
1
Let p = -409 - -84. Let u be 12*(-3)/(60/p). Suppose 61 - u = -f. What is the tens digit of f?
3
Suppose -9*k = -23320 - 29228 + 1851. What is the hundreds digit of k?
6
Suppose 183 = 10*y - 567. Let o = -54 - -7. Let p = y + o. What is the units digit of p?
8
What is the hundreds digit of 3 - 29/(87/(-23622))?
8
Let c be (27/5 - 6) + 3396/10. Let t = -142 + c. What is the units digit of t?
7
Let h(g) = g**2 + g - 20. Let t be h(-7). Let w = t - 21. Suppose 5*o - 6 = -w. What is the units digit of o?
1
Let l = 95284 + -62244. What is the thousands digit of l?
3
Suppose -4*r - 5*n + 144038 = -10*n, r + 4*n - 36020 = 0. What is the hundreds digit of r?
0
Let x = 29025 + -20325. Suppose -47*q = -2016 - x. What is the units digit of q?
8
Suppose 708*x = 713*x - 210. What is the hundreds digit of (2 - 9)*(-6)/x*1116?
1
Let i be (4 + 10/(-4))/(8/(-992)). What is the units digit of 12/i + 71988/93?
4
Let y(x) = -x**3 - 7*x**2 + 30*x + 5. Let r be y(-13). Let t = -179 + r. What is the hundreds digit of t?
4
Let a = -172 + 231. Suppose 0 = a*c - 49*c - 5990. What is the tens digit of c?
9
Let r(w) = 12*w**3 - 4*w**2 + 7*w - 2. Let t(g) = 13*g**3 - 3*g**2 + 7*g. Let s(l) = 5*r(l) - 6*t(l). What is the units digit of s(-4)?
8
Let y = -38 + 49. Let w(c) = 2*c**2 - 3*c - 40. Let d be w(y). Suppose -4*h - d = -629. What is the hundreds digit of h?
1
Let o(v) = 4*v - 78. Let j be o(-33). What is the units digit of 120/j - 1016/(-14)?
2
Let w = 9 - 1. Let m(c) = -c**2 + 43*c + 202. Let a be m(27). Suppose 0 = w*h + a - 2410. What is the units digit of h?
2
What is the units digit of -58*(4 + 495/(-22))?
3
Let f = 226 + -229. Let o(r) = -8*r**3 - 10*r**2 - 6*r - 6. What is the units digit of o(f)?
8
Suppose 3*b = 5*b - 250. Suppose -35*c = -40*c - b. Let h = c - -107. What is the tens digit of h?
8
Let n(l) = l**2 + 23*l - 121. Let r be n(5). What is the thousands digit of (r - 3)/((-363)/(-360) + -1)?
1
Let m = -31 - -45. Let l = 30 - m. Suppose 10*c - l*c = -516. What is the units digit of c?
6
Let b = 95684 - 65711. What is the tens digit of b?
7
What is the units digit of (6 - 91)*((-15)/75 + (-1692)/15)?
5
Let m(z) = 59*z - 408. Let t be m(7). Suppose 528 = h + t*d, 3*h + 2*h - 2752 = 3*d. What is the tens digit of h?
4
Let v = -13 + 15. Suppose r - 4 = v. Let w(c) = -2*c + 25. What is the tens digit of w(r)?
1
Let a = 230 + -232. What is the units digit of 44346/76 - 1/a?
4
Let q(t) = 28*t + 3. Let v be q(-5). Let k = 787 + -1013. Let u = v - 